t common divisor of 372 and 839418.
186
What is the highest common divisor of 48 and 157696?
16
What is the greatest common divisor of 1333 and 34007?
31
Calculate the greatest common divisor of 9712 and 2.
2
Calculate the highest common factor of 348993 and 153.
153
What is the highest common divisor of 202329 and 15?
3
Calculate the greatest common divisor of 34 and 256819.
17
Calculate the highest common factor of 4394 and 2730.
26
What is the highest common factor of 22848 and 2912?
224
What is the highest common factor of 70 and 20426?
14
What is the highest common factor of 4955998 and 779?
779
What is the greatest common factor of 23184 and 1638?
126
Calculate the greatest common factor of 13081 and 2159.
127
What is the highest common factor of 103575 and 10?
5
Calculate the greatest common factor of 44985 and 60.
15
Calculate the greatest common factor of 523 and 535552.
523
Calculate the greatest common factor of 1984 and 38533.
31
Calculate the greatest common factor of 671 and 154429.
11
Calculate the greatest common divisor of 4403 and 8857.
17
What is the highest common divisor of 819 and 7644?
273
Calculate the highest common factor of 352 and 115280.
176
What is the highest common divisor of 813 and 228995?
271
What is the greatest common factor of 141 and 632949?
141
Calculate the highest common factor of 23047 and 19.
19
Calculate the greatest common factor of 78036 and 32.
4
What is the greatest common divisor of 16144 and 25225?
1009
What is the highest common factor of 1176496 and 322?
46
What is the highest common factor of 487266 and 78?
78
What is the greatest common divisor of 2622 and 18791?
437
Calculate the greatest common divisor of 84 and 10822.
14
What is the greatest common divisor of 49464 and 706923?
2061
Calculate the highest common divisor of 819 and 14469.
273
What is the greatest common factor of 192 and 14508?
12
What is the greatest common factor of 265999 and 17?
17
What is the highest common divisor of 96 and 210156?
12
What is the highest common factor of 51516 and 5184?
324
What is the greatest common divisor of 15520 and 180?
20
What is the highest common divisor of 51813 and 304?
19
Calculate the greatest common divisor of 1372023 and 471.
471
Calculate the greatest common divisor of 3474 and 15678.
18
Calculate the highest common divisor of 189 and 483.
21
What is the highest common factor of 206318 and 14?
14
Calculate the highest common divisor of 1039790 and 80.
10
What is the highest common factor of 71904 and 7392?
672
What is the highest common divisor of 4756 and 10742?
82
Calculate the highest common factor of 50 and 80614.
2
What is the greatest common factor of 60 and 5166?
6
Calculate the greatest common divisor of 84 and 14412.
12
Calculate the greatest common factor of 711462 and 4190.
838
What is the highest common factor of 33 and 39756?
3
Calculate the highest common factor of 4526 and 9827.
31
What is the highest common divisor of 16156 and 126?
14
What is the greatest common divisor of 11711 and 2695?
49
Calculate the greatest common factor of 6848 and 7027760.
1712
What is the highest common factor of 1152 and 904?
8
Calculate the greatest common divisor of 31 and 233461.
31
What is the greatest common factor of 2177 and 29234?
311
Calculate the highest common divisor of 445730 and 1590.
530
What is the highest common divisor of 83501 and 319?
11
Calculate the highest common factor of 1961 and 5459.
53
Calculate the greatest common factor of 58 and 8758.
58
Calculate the greatest common divisor of 1016 and 12472.
8
What is the greatest common divisor of 335 and 7906?
67
Calculate the greatest common factor of 1680 and 13944.
168
Calculate the highest common factor of 578 and 1122.
34
What is the greatest common factor of 13561 and 71?
71
Calculate the highest common divisor of 1079487 and 54.
27
What is the greatest common divisor of 5313222 and 244?
122
Calculate the greatest common divisor of 3162 and 48.
6
What is the greatest common factor of 584 and 466324?
292
What is the highest common divisor of 49274 and 142?
142
What is the highest common divisor of 146 and 6460?
2
Calculate the highest common factor of 154 and 135401.
7
Calculate the highest common factor of 650 and 8125.
325
Calculate the greatest common factor of 75 and 17965.
5
What is the greatest common factor of 220584 and 336?
168
Calculate the greatest common divisor of 627 and 135641.
209
Calculate the highest common factor of 6590430 and 297.
297
What is the greatest common factor of 75 and 440025?
75
Calculate the highest common divisor of 283 and 13.
1
Calculate the highest common factor of 720859 and 856.
107
Calculate the highest common factor of 2008 and 139.
1
Calculate the greatest common factor of 112 and 9218608.
112
What is the highest common factor of 1644 and 21783?
411
Calculate the highest common factor of 4 and 7322.
2
Calculate the greatest common divisor of 160 and 2864.
16
Calculate the greatest common divisor of 41265 and 3150.
315
What is the highest common factor of 58 and 42?
2
Calculate the greatest common divisor of 922 and 6838474.
922
Calculate the highest common factor of 18999 and 9.
9
Calculate the highest common divisor of 1404 and 689.
13
Calculate the greatest common divisor of 40 and 432305.
5
Calculate the highest common divisor of 82667 and 52.
13
What is the greatest common factor of 411252 and 48?
12
Calculate the greatest common divisor of 31297 and 544.
17
What is the greatest common factor of 1029 and 987?
21
What is the greatest common factor of 8184 and 3960?
264
Calculate the highest common factor of 2770933 and 11.
11
What is the greatest common factor of 9367 and 98629?
551
What is the greatest common divisor of 4300 and 81227?
43
Calculate the highest common factor of 2299 and 123025.
19
Calculate the greatest common divisor of 5920 and 91200.
160
Calculate the greatest common factor of 11505 and 6565.
65
Calculate the highest common factor of 114 and 3453.
3
What is the greatest common divisor of 3550 and 3050?
50
Calculate the greatest common factor of 184 and 679144.
184
What is the highest common divisor of 9529 and 16211?
13
What is the highest common divisor of 6444 and 17900?
716
What is the highest common divisor of 11626 and 12?
2
Calculate the greatest common divisor of 705624 and 36.
12
What is the highest common factor of 47416 and 8?
8
Calculate the greatest common factor of 2320 and 52400.
80
What is the greatest common factor of 833 and 7378?
119
What is the highest common divisor of 12851 and 2698?
71
Calculate the greatest common factor of 437 and 21114.
23
Calculate the highest common factor of 115814 and 45446.
1466
What is the greatest common divisor of 118 and 16343?
59
Calculate the greatest common divisor of 268 and 13199.
67
What is the greatest common divisor of 220 and 311135?
55
What is the greatest common factor of 720 and 5202?
18
What is the highest common factor of 152 and 7156?
4
What is the greatest common divisor of 1941 and 72?
3
Calculate the greatest common factor of 286 and 1266980.
286
What is the highest common divisor of 19 and 984751?
19
Calculate the highest common divisor of 231 and 73059.
21
What is the greatest common factor of 2176 and 22916?
68
Calculate the greatest common factor of 277700 and 300.
100
What is the highest common divisor of 142174 and 670?
134
What is the greatest common divisor of 30 and 23540?
10
What is the highest common factor of 2429724 and 158?
158
Calculate the highest common factor of 45 and 19773.
9
Calculate the greatest common divisor of 1564974 and 73.
73
What is the greatest common divisor of 8997310 and 395?
395
What is the greatest common divisor of 602 and 1050?
14
What is the highest common divisor of 4 and 1005716?
4
Calculate the greatest common divisor of 1536 and 5124.
12
What is the greatest common factor of 26689 and 65?
13
Calculate the highest common divisor of 800 and 78880.
160
Calculate the highest common factor of 273 and 103467.
273
What is the greatest common factor of 5662 and 38?
38
What is the greatest common divisor of 105 and 1133295?
15
What is the highest common factor of 40887 and 63?
63
What is the greatest common divisor of 1657076 and 12?
4
Calculate t